) = -5*b - 20. Let c(p) = -p - 1. Let y(o) = -15*c(o) + z(o). What are the prime factors of y(2)?
3, 5
Suppose 14 = 3*l + 5. Suppose -3*m + l = -2*m. Suppose 2*q = q + m. List the prime factors of q.
3
Let x be 1 + 3 + -2 + 3. Suppose 0 = -4*w - x*u + 13, 0 = -4*w + 4*u - 3 + 43. List the prime factors of w.
7
List the prime factors of ((-15)/(-5))/(1/13).
3, 13
Suppose 0*f + 11*f = 781. What are the prime factors of f?
71
Let t be ((-6)/(-5))/(2/(-30)). Let m = 31 - 36. List the prime factors of (-3)/5 + t/m.
3
Let p(q) = -q**3 - 3*q**2 + 6*q - 4. Suppose 13 = k + 2*u, 3*k - 29 = -0*k - 4*u. Suppose 3*x - 6 = k*c - 3, 4*c = 5*x. List the prime factors of p(c).
2
Let n = -3 - -7. Let r be -7 + 7 + n*1. Suppose r*m = 7 + 5. List the prime factors of m.
3
Suppose -2*q + 3 + 16 = -5*t, 2*t - q + 8 = 0. List the prime factors of t + 106/2 + 3.
53
Suppose -3*l - 3 = 0, 3*t + l + 2 = 2*l. Let s = 1 - t. List the prime factors of ((-3)/s)/((-6)/8).
2
Let q = 39 - -10. What are the prime factors of q?
7
Suppose -151 = -2*f + 113. Let w = -86 + f. Suppose -3*t + 11 + w = 0. List the prime factors of t.
19
Let u be (-4)/(-2)*(-2)/(-4). Let d be ((0 + -18)/(-3))/u. Suppose 4 + d = h. List the prime factors of h.
2, 5
Let y = 60 + -23. What are the prime factors of y?
37
Let x(m) = m**3 - 5*m**2 + 2*m - 6. Let w be x(5). Let b(z) = -z**3 + 5*z**2 - 3*z + 4. List the prime factors of b(w).
2
Let m = -110 + 131. List the prime factors of m.
3, 7
Let f be (6/15)/(1/(-10)). Let i be (-54)/f + (-1)/2. Suppose -i = -r - 3*k, 16 = 2*r + 4*k - 12. List the prime factors of r.
2
Let y be 4 + 0 + 1*-2. Suppose 4*t + 3 = -3*w + 23, -y = -2*w + 3*t. What are the prime factors of w?
2
Let y(p) = 2*p**2 - 6*p + 5. Let n be (1/2)/(1/(-16)). Let m be 4*2*(-4)/n. What are the prime factors of y(m)?
13
Let j be (-4)/(-4) - -1 - -1. What are the prime factors of (-1)/j + (-13)/(-3)?
2
Suppose -3*w + 4*w + 30 = -5*r, -4*w + 2*r - 76 = 0. Suppose 2*t + 0*t - 46 = -5*d, 3*d + 45 = t. Let s = w + t. List the prime factors of s.
13
Let f = 136 - 17. What are the prime factors of f?
7, 17
Let g = 167 - 77. Suppose -5*p - 2*x + g = 0, -5*x = p + 3*p - 89. List the prime factors of p.
2
Suppose -2*a = 2*a - 16. What are the prime factors of a?
2
Suppose -4*r + 15 = r. Suppose -4*q - 20 = g + q, r*q = 2*g + 1. Let w(c) = -c**3 - 5*c**2 - c - 2. What are the prime factors of w(g)?
3
Suppose -16*u = -11*u - 740. List the prime factors of u.
2, 37
Suppose -d + 10 = 2*s - 3*d, 20 = 4*s + 2*d. Suppose s*l = 11 + 39. What are the prime factors of l?
2, 5
Let g = 43 - -7. What are the prime factors of g?
2, 5
Let f(s) = -s**2 + 5*s. Let b be f(4). Suppose -16 = -0*d - 3*d - b*k, 3*k = -d + 7. Suppose 0 = d*q - 2*q - 8. What are the prime factors of q?
2
List the prime factors of (-28)/(-42) + 338/6.
3, 19
Let t(c) = -c + 16. Let h = -10 + 20. What are the prime factors of t(h)?
2, 3
Suppose d - 4*d = -15. Suppose 3*v = d*v - 8. Suppose -v*w = -0*w - 36. What are the prime factors of w?
3
Let r(y) = 5*y**2 - 2. Let h(g) be the second derivative of g**3/3 + 3*g**2 - 2*g. Let t be h(-4). What are the prime factors of r(t)?
2, 3
Suppose -m = -19 + 6. Suppose m - 101 = -4*v - 2*f, -v = f - 20. List the prime factors of v.
2, 3
Let w = -28 - -49. Suppose -3*z = -3*u + w, -4 = 4*u + 8. Let y = z + 15. List the prime factors of y.
5
Suppose 15 = 5*p, -b = -3*b - 2*p + 64. List the prime factors of b.
29
Let r = 7 - 5. Let o(x) = -x + 2*x**3 - r + 4 - x**3 - x**2. What are the prime factors of o(2)?
2
Suppose -s + 3*l = 7, -6*s - 2*l + 14 = -2*s. Let p(a) = 10*a**2 + 2. What are the prime factors of p(s)?
2, 3, 7
Let n(f) = 3 + 4 - f**2 + 7. What are the prime factors of n(0)?
2, 7
Let b = 4 - 3. Let d be 204/10 + 10/(-25). Suppose -b = -x - 0*x + 4*h, -5*h + d = 3*x. List the prime factors of x.
5
Suppose -5*a + 191 = -2*n, -5*a = -n - 3*n - 187. What are the prime factors of a?
3, 13
What are the prime factors of (30/(-3))/(2/(-7))?
5, 7
Let b(c) = 4*c**2 - 2. Let s be b(-2). Let f be ((-4)/6)/(2/(-6)). Suppose f*i - 2*t = 14, 5*i - 3*t - 21 = s. List the prime factors of i.
7
Suppose p + 15 = -2*p. List the prime factors of 1/p + (-162)/(-10).
2
Suppose 2*b - 5 = 3*f, -b + 2 = -3*f + 7. Let z(x) = x + 1. Let k(n) = -6. Let i(v) = -k(v) + z(v). What are the prime factors of i(b)?
17
What are the prime factors of 66/(-5)*(-10)/3?
2, 11
Suppose 0 = z - 5*a - 46, -5*a - 28 + 312 = 4*z. List the prime factors of z.
2, 3, 11
Let q be (-2)/(-6) - (-2)/(-6). Let y be -2 + 0 - (-2 - q). List the prime factors of -1*(-6 + (y - 1)).
7
Let v(y) = -y**2 + 3*y + 1. Let r be v(3). Suppose -2*h + 5 + r = 0. What are the prime factors of h?
3
Let c(i) = i**3 - 6*i**2 + 4*i - 2. Let r be c(2). Let l = 2 - r. What are the prime factors of l?
2, 3
Let q be ((-6)/(-4))/(10/20). Suppose -k + q*t + 27 = 2*k, -5*t = 4*k - 36. What are the prime factors of k?
3
Let m(a) = -5 - 2*a - 4*a + 1. Let g be m(-4). What are the prime factors of (-3 + 0)/((-6)/g)?
2, 5
Suppose 3*r = -0*f + 2*f + 49, -4*f - 22 = -2*r. Let y = r + -11. List the prime factors of y.
2
Suppose -4*w + 80 = w. Suppose w = -3*g - 0*b + 5*b, 0 = -4*g + 4*b - 8. Suppose -14 = -g*z + z. List the prime factors of z.
7
Let z = -39 - -20. Let c = 30 + z. What are the prime factors of c?
11
Suppose 0 = 4*b + 5*l - 103, b + 3*b + 3*l - 113 = 0. Suppose 0*m + 4*m = b. What are the prime factors of m?
2
Let a(l) = 0 - 2*l - 6 + 0*l. Let f be a(-4). Suppose -4*k + 60 = -3*g, -k + 4*g - 15 = -f*k. What are the prime factors of k?
3, 5
Let o(y) = -7*y**2 - 6*y - 6. Let n be o(-3). What are the prime factors of n/(-4) - (-5)/20?
13
Let h be (-4)/24*2*-6. Suppose -h*t = -9 - 3. What are the prime factors of t?
2, 3
Let d(c) = c**2 - 7*c + 6. Let l be d(6). Suppose l = 2*p - 3*p + 18. List the prime factors of p.
2, 3
Let r = 12 - 17. Let a be (r - -3) + 2*2. Suppose -a*d = 3*d - 60. List the prime factors of d.
2, 3
Let p(u) = -u**3 - u**2 + 2*u + 6. List the prime factors of p(-2).
2, 3
Suppose 4*z + 19 = -5. Suppose 3*g - 6 = -0*g. Let b = g - z. List the prime factors of b.
2
Suppose -j = -4*f - 2*j + 29, 5 = j. What are the prime factors of (117/f)/3*2?
13
Suppose -4*u + 5*k = -690, -5*u - 11*k = -9*k - 846. List the prime factors of u.
2, 5, 17
Let m(x) = 7*x**3 - 2*x**2 + x + 2. List the prime factors of m(3).
2, 11
Let b(a) be the third derivative of -a**4/12 - a**3 - 2*a**2. Let q be b(-4). Suppose 4*i + q - 26 = 0. What are the prime factors of i?
2, 3
Let n(i) = -i**3 - i + 1. Let h(x) = -4*x**3 + 5*x**2 + 5*x + 2. Let a(m) = h(m) - 3*n(m). What are the prime factors of a(6)?
11
Let r(j) = -j**2 + 4*j + 7. Let o be r(5). Suppose 0 = t + 3, 0 = o*d + 3*d + 4*t + 57. Let s = d + 19. What are the prime factors of s?
2, 5
Suppose -2*r + 62 + 204 = 0. Suppose r = 4*a - q + 4*q, a - 46 = -5*q. What are the prime factors of a?
31
Suppose -3*d = -0*d - 18. Let z(a) = a**3 - 4*a**2 - 7*a - 10. List the prime factors of z(d).
2, 5
Let t(q) = q**3 + 8*q**2 + 5*q + 10. List the prime factors of t(-7).
2, 3
Suppose 0 = 5*f - 31 + 6. Suppose -6*t + 12 = -2*t, 55 = 5*c + f*t. Let n = -5 + c. What are the prime factors of n?
3
Suppose 3*c = -2*c + 75. What are the prime factors of c?
3, 5
Let v be 2/5 - 32/(-20). Suppose 2*a + v = -0*a. Let m(r) = -9*r - 1. List the prime factors of m(a).
2
Let f = 11 + -8. Suppose 0*t = -f*t + 9. Suppose -29 = -t*w + 4. What are the prime factors of w?
11
Suppose 11*a = 8*a + 6. Suppose l = -0*l + 9. Let f = l - a. What are the prime factors of f?
7
Let j = -3 + 5. Suppose 5 = j*x - 3. What are the prime factors of x?
2
Let n(v) = 90*v. Let r be n(1). Suppose r = -0*u + 5*u. What are the prime factors of u?
2, 3
Let k(i) = -i**3 + 8*i**2 - 2*i + 1. List the prime factors of k(7).
2, 3
Let w = 2 + -3. Let p(k) be the first derivative of -7*k**4/4 + k**3/3 + k**2 + k + 6. List the prime factors of p(w).
7
Let f(k) = 3*k - 4. Let g be f(-9). Let i(l) = 10*l + 1. Let t be i(-2). Let c = t - g. What are the prime factors of c?
2, 3
Let d(h) = -h - 1. Let o be d(-3). Suppose t + o*t + 21 = 0. Let q(b) = -b**2 - 9*b - 10. List the prime factors of q(t).
2
What are the prime factors of 18 - (-1 + -5 + 3)?
3, 7
Suppose -w = w + 14. Let z = w +